{"id":526,"date":"2023-04-03T20:01:51","date_gmt":"2023-04-03T18:01:51","guid":{"rendered":"https:\/\/psychoterapiawtoruniu.pl\/?page_id=526"},"modified":"2025-12-04T11:47:13","modified_gmt":"2025-12-04T10:47:13","slug":"warsztaty","status":"publish","type":"page","link":"https:\/\/psychoterapiawtoruniu.pl\/index.php\/warsztaty\/","title":{"rendered":"Warsztaty"},"content":{"rendered":"<p>[et_pb_section fb_built=&#8221;1&#8243; next_background_color=&#8221;#FFFFFF&#8221; _builder_version=&#8221;4.17.4&#8243; _module_preset=&#8221;default&#8221; use_background_color_gradient=&#8221;on&#8221; background_color_gradient_type=&#8221;circular&#8221; background_color_gradient_direction_radial=&#8221;top left&#8221; background_color_gradient_stops=&#8221;rgba(255,227,208,0.7) 50%|rgba(255,227,208,0.3) 100%&#8221; background_color_gradient_overlays_image=&#8221;on&#8221; background_color_gradient_start=&#8221;rgba(255,227,208,0.7)&#8221; background_color_gradient_start_position=&#8221;50%&#8221; background_color_gradient_end=&#8221;rgba(255,227,208,0.3)&#8221; background_image=&#8221;https:\/\/psychoterapiawtoruniu.pl\/wp-content\/uploads\/2023\/04\/grupowa&#8211;scaled.jpg&#8221; custom_margin=&#8221;||||false&#8221; custom_padding=&#8221;3vw||4vw||false|false&#8221; mix_blend_mode=&#8221;lighten&#8221; bottom_divider_style=&#8221;curve&#8221; bottom_divider_height=&#8221;2.5vw&#8221; global_colors_info=&#8221;{}&#8221;][et_pb_row _builder_version=&#8221;4.16&#8243; _module_preset=&#8221;default&#8221; animation_style=&#8221;fade&#8221; global_colors_info=&#8221;{}&#8221;][et_pb_column type=&#8221;4_4&#8243; _builder_version=&#8221;4.16&#8243; _module_preset=&#8221;default&#8221; custom_padding=&#8221;|||&#8221; global_colors_info=&#8221;{}&#8221; custom_padding__hover=&#8221;|||&#8221;][et_pb_text _builder_version=&#8221;4.17.4&#8243; _module_preset=&#8221;default&#8221; text_font=&#8221;||||||||&#8221; text_font_size=&#8221;18px&#8221; text_line_height=&#8221;2em&#8221; header_font=&#8221;Montserrat|300|||||||&#8221; header_font_size=&#8221;50px&#8221; header_line_height=&#8221;1.4em&#8221; text_orientation=&#8221;center&#8221; max_width=&#8221;700px&#8221; module_alignment=&#8221;center&#8221; header_font_size_tablet=&#8221;40px&#8221; header_font_size_phone=&#8221;32px&#8221; header_font_size_last_edited=&#8221;on|desktop&#8221; text_text_shadow_style=&#8221;preset5&#8243; text_text_shadow_color=&#8221;#000000&#8243; global_colors_info=&#8221;{}&#8221;]<\/p>\n<h1><span style=\"color: #e09900;\"><strong>Warsztaty\u00a0<\/strong><\/span><\/h1>\n<p>[\/et_pb_text][\/et_pb_column][\/et_pb_row][\/et_pb_section][et_pb_section fb_built=&#8221;1&#8243; admin_label=&#8221;About Me&#8221; _builder_version=&#8221;4.17.4&#8243; _module_preset=&#8221;default&#8221; background_color=&#8221;#FFFFFF&#8221; custom_padding=&#8221;||16px|||&#8221; global_colors_info=&#8221;{}&#8221;][et_pb_row column_structure=&#8221;1_3,2_3&#8243; use_custom_gutter=&#8221;on&#8221; padding_top_bottom_link_2=&#8221;true&#8221; padding_left_right_link_2=&#8221;true&#8221; _builder_version=&#8221;4.17.4&#8243; _module_preset=&#8221;default&#8221; background_color=&#8221;#FFFFFF&#8221; max_width=&#8221;91.6%&#8221; custom_margin=&#8221;|0px||&#8221; custom_margin_tablet=&#8221;|10%||10%||true&#8221; custom_margin_phone=&#8221;&#8221; custom_margin_last_edited=&#8221;on|tablet&#8221; custom_padding=&#8221;100px|0px|0|1px|false|false&#8221; hover_enabled=&#8221;0&#8243; use_custom_width=&#8221;on&#8221; width_unit=&#8221;off&#8221; global_colors_info=&#8221;{}&#8221; sticky_enabled=&#8221;0&#8243;][et_pb_column type=&#8221;1_3&#8243; _builder_version=&#8221;4.16&#8243; _module_preset=&#8221;default&#8221; custom_padding=&#8221;|||&#8221; global_colors_info=&#8221;{}&#8221; custom_padding__hover=&#8221;|||&#8221;][et_pb_image src=&#8221;https:\/\/psychoterapiawtoruniu.pl\/wp-content\/uploads\/2023\/04\/kobiety-do-strony.jpg&#8221; title_text=&#8221;kobiety do strony&#8221; align_tablet=&#8221;center&#8221; align_phone=&#8221;center&#8221; align_last_edited=&#8221;on|desktop&#8221; _builder_version=&#8221;4.17.4&#8243; _module_preset=&#8221;default&#8221; custom_margin=&#8221;-60px|-50%||&#8221; custom_margin_tablet=&#8221;|0%||&#8221; custom_margin_phone=&#8221;&#8221; custom_margin_last_edited=&#8221;on|tablet&#8221; animation_style=&#8221;slide&#8221; animation_direction=&#8221;right&#8221; animation_intensity_slide=&#8221;5%&#8221; global_colors_info=&#8221;{}&#8221;][\/et_pb_image][\/et_pb_column][et_pb_column type=&#8221;2_3&#8243; _builder_version=&#8221;4.17.4&#8243; _module_preset=&#8221;default&#8221; background_color=&#8221;#d6d6d6&#8243; custom_padding=&#8221;40px|60px|40px|60px&#8221; custom_padding_tablet=&#8221;40px|60px|40px|60px&#8221; custom_padding_phone=&#8221;|40px||40px||true&#8221; custom_padding_last_edited=&#8221;on|phone&#8221; global_colors_info=&#8221;{}&#8221; padding_phone=&#8221;|40px||40px||true&#8221; padding_last_edited=&#8221;on|phone&#8221; custom_padding__hover=&#8221;|||&#8221;][et_pb_text _builder_version=&#8221;4.17.4&#8243; _module_preset=&#8221;default&#8221; text_font=&#8221;||||||||&#8221; text_font_size=&#8221;16px&#8221; text_line_height=&#8221;2em&#8221; header_font=&#8221;||||||||&#8221; header_2_font=&#8221;Montserrat|300|||||||&#8221; header_2_font_size=&#8221;40px&#8221; header_2_line_height=&#8221;1.4em&#8221; header_5_font=&#8221;||||||||&#8221; header_5_text_color=&#8221;#7f8dff&#8221; header_5_line_height=&#8221;2em&#8221; background_color=&#8221;#d6d6d6&#8243; max_width=&#8221;788px&#8221; header_2_font_size_tablet=&#8221;&#8221; header_2_font_size_phone=&#8221;30px&#8221; header_2_font_size_last_edited=&#8221;on|phone&#8221; locked=&#8221;off&#8221; global_colors_info=&#8221;{}&#8221; custom_margin=&#8221;||-19px|||&#8221;]<\/p>\n<div class=\"x11i5rnm xat24cr x1mh8g0r x1vvkbs xdj266r\">\n<h2><\/h2>\n<p>Nasze <strong>warsztaty rozwojowe w O\u015brodku Psychoterapii SELF<\/strong>\u00a0to spotkania stworzone z my\u015bl\u0105 o osobach, kt\u00f3re chc\u0105 lepiej pozna\u0107 siebie, wzmocni\u0107 swoje kompetencje mi\u0119kkie i zadba\u0107 o w\u0142asny dobrostan. Prowadzimy zaj\u0119cia rozwijaj\u0105ce umiej\u0119tno\u015bci takie jak <strong>asertywno\u015b\u0107<\/strong>, stawianie <strong>zdrowych granic<\/strong>, skuteczna komunikacja, praca z emocjami czy budowanie pewno\u015bci siebie.<\/p>\n<p>To warsztaty, kt\u00f3re \u0142\u0105cz\u0105 wiedz\u0119 psychologiczn\u0105, praktyczne \u0107wiczenia i do\u015bwiadczenie pracy w grupie \u2014 w atmosferze bezpiecze\u0144stwa, uwa\u017cno\u015bci i wzajemnego wsparcia.<\/p>\n<h3><span style=\"color: #e09900;\"><strong>Dla kogo s\u0105 nasze warsztaty?<\/strong><\/span><\/h3>\n<p>Organizujemy r\u00f3\u017cnorodne <strong>warsztaty dla kobiet<\/strong>, w tym tak\u017ce <strong>kr\u0119gi kobiet<\/strong>, kt\u00f3re pozwalaj\u0105 zatrzyma\u0107 si\u0119, us\u0142ysze\u0107 siebie, wymieni\u0107 do\u015bwiadczenia i czerpa\u0107 si\u0142\u0119 ze wsp\u00f3lnoty. To przestrze\u0144, w kt\u00f3rej mo\u017cesz by\u0107 sob\u0105 \u2014 bez ocen, bez po\u015bpiechu, w pe\u0142nej akceptacji.<\/p>\n<h3><span style=\"color: #e09900;\"><strong>Co robimy podczas warsztat\u00f3w?<\/strong><\/span><\/h3>\n<p>W zale\u017cno\u015bci od tematu, pracujemy m.in. nad:<\/p>\n<ul>\n<li>\n<p><strong>Asertywno\u015bci\u0105 i wyznaczaniem granic<\/strong> \u2013 uczymy, jak m\u00f3wi\u0107 \u201enie\u201d, jak dba\u0107 o siebie bez poczucia winy i jak budowa\u0107 relacje oparte na szacunku.<\/p>\n<\/li>\n<li>\n<p><strong>Skuteczn\u0105 komunikacj\u0105<\/strong> \u2013 \u0107wiczymy jasne wyra\u017canie my\u015bli i potrzeb, komunikacj\u0119 bez przemocy, konstruktywne wyra\u017canie emocji oraz s\u0142uchanie z uwa\u017cno\u015bci\u0105.<\/p>\n<\/li>\n<li>\n<p><strong>Pewno\u015bci\u0105 siebie<\/strong> \u2013 pracujemy nad wzmacnianiem samooceny, wewn\u0119trznej si\u0142y i poczucia sprawczo\u015bci.<\/p>\n<\/li>\n<li>\n<p><strong>\u015awiadom\u0105 relacj\u0105 z emocjami<\/strong> \u2013 uczymy, jak je rozumie\u0107, wyra\u017ca\u0107 i regulowa\u0107.<\/p>\n<\/li>\n<li>\n<p><strong>Przeciwdzia\u0142aniem wypaleniu i dbaniem o siebie<\/strong> \u2013 pokazujemy, jak regenerowa\u0107 zasoby, odpoczywa\u0107 i budowa\u0107 w\u0142asne rytua\u0142y dobrostanu.<\/p>\n<\/li>\n<li>\n<p><strong>Budowaniem wsp\u00f3lnoty<\/strong> \u2013 w ramach <strong>kr\u0119g\u00f3w kobiet<\/strong> tworzymy przestrze\u0144 do dzielenia si\u0119 do\u015bwiadczeniem, wspierania si\u0119 i wzajemnego inspirowania<\/p>\n<\/li>\n<\/ul>\n<p>&nbsp;<\/p>\n<h3><span style=\"color: #e09900;\"><strong>Dlaczego warto?<\/strong><\/span><\/h3>\n<ul>\n<li>\n<p>pracujesz w bezpiecznej, wspieraj\u0105cej atmosferze,<\/p>\n<\/li>\n<li>\n<p>zdobywasz praktyczne umiej\u0119tno\u015bci, kt\u00f3re od razu mo\u017cesz wykorzysta\u0107,<\/p>\n<\/li>\n<li>\n<p>rozwijasz \u015bwiadomo\u015b\u0107 siebie i swoich potrzeb,<\/p>\n<\/li>\n<li>\n<p>spotykasz osoby o podobnych do\u015bwiadczeniach,<\/p>\n<\/li>\n<li>\n<p>zyskujesz motywacj\u0119 i nowe spojrzenie na swoje mo\u017cliwo\u015bci.<\/p>\n<\/li>\n<\/ul>\n<\/div>\n<p>[\/et_pb_text][\/et_pb_column][\/et_pb_row][\/et_pb_section][et_pb_section fb_built=&#8221;1&#8243; admin_label=&#8221;My Experience&#8221; _builder_version=&#8221;4.17.4&#8243; _module_preset=&#8221;default&#8221; background_color=&#8221;#d6d6d6&#8243; custom_margin=&#8221;||-56px|||&#8221; custom_padding=&#8221;51px|||||&#8221; top_divider_style=&#8221;curve&#8221; top_divider_color=&#8221;#FFFFFF&#8221; top_divider_height=&#8221;72px&#8221; global_colors_info=&#8221;{}&#8221;][et_pb_row _builder_version=&#8221;4.17.4&#8243; _module_preset=&#8221;default&#8221; module_alignment=&#8221;center&#8221; custom_padding=&#8221;27px|0px||||&#8221; hover_enabled=&#8221;0&#8243; global_colors_info=&#8221;{}&#8221; sticky_enabled=&#8221;0&#8243;][et_pb_column type=&#8221;4_4&#8243; _builder_version=&#8221;4.17.4&#8243; _module_preset=&#8221;default&#8221; custom_padding=&#8221;|||&#8221; custom_padding_tablet=&#8221;0px|||&#8221; custom_padding_last_edited=&#8221;off|desktop&#8221; hover_enabled=&#8221;0&#8243; global_colors_info=&#8221;{}&#8221; padding_tablet=&#8221;0px|||&#8221; padding_last_edited=&#8221;off|desktop&#8221; custom_padding__hover=&#8221;|||&#8221; sticky_enabled=&#8221;0&#8243;][et_pb_text _builder_version=&#8221;4.17.4&#8243; _module_preset=&#8221;default&#8221; text_font=&#8221;||||||||&#8221; text_font_size=&#8221;16px&#8221; text_line_height=&#8221;2em&#8221; header_font=&#8221;||||||||&#8221; header_2_font=&#8221;||||||||&#8221; header_3_font=&#8221;Montserrat||||||||&#8221; header_3_line_height=&#8221;1.4em&#8221; header_5_font=&#8221;||||||||&#8221; header_5_text_color=&#8221;#7f8dff&#8221; header_5_line_height=&#8221;2em&#8221; text_orientation=&#8221;center&#8221; max_width=&#8221;1523px&#8221; module_alignment=&#8221;center&#8221; custom_padding=&#8221;39px|||||&#8221; hover_enabled=&#8221;0&#8243; header_2_font_size_phone=&#8221;30px&#8221; header_2_font_size_last_edited=&#8221;off|desktop&#8221; locked=&#8221;off&#8221; global_colors_info=&#8221;{}&#8221; sticky_enabled=&#8221;0&#8243;]<\/p>\n<h3><strong><span style=\"color: #e09900;\">Warsztaty w SELF<\/span><\/strong><\/h3>\n<p>Warsztat &#8222;SELF LOVE&#8221; to cykliczne wydarzenie. Je\u015bli interesuje Ci\u0119 inna tematyka to wszystkie bie\u017c\u0105ce informacje odno\u015bnie szkole\u0144\u00a0 organizowanych przeze mnie znajdziesz na naszym Facebooku. Mo\u017cesz te\u017c napisa\u0107 lub zadzwoni\u0107 do bezpo\u015brednio do nas. Zapraszamy!<\/p>\n<p>[\/et_pb_text][\/et_pb_column][\/et_pb_row][et_pb_row _builder_version=&#8221;4.17.4&#8243; _module_preset=&#8221;default&#8221; global_colors_info=&#8221;{}&#8221;][et_pb_column type=&#8221;4_4&#8243; _builder_version=&#8221;4.17.4&#8243; _module_preset=&#8221;default&#8221; global_colors_info=&#8221;{}&#8221;][et_pb_button button_url=&#8221;https:\/\/psychoterapiawtoruniu.pl\/index.php\/kontakt\/&#8221; url_new_window=&#8221;on&#8221; button_text=&#8221;KONTAKT DO NAS&#8221; button_alignment=&#8221;center&#8221; _builder_version=&#8221;4.17.4&#8243; _module_preset=&#8221;default&#8221; custom_button=&#8221;on&#8221; button_text_size=&#8221;18px&#8221; button_text_color=&#8221;#FFFFFF&#8221; button_bg_color=&#8221;#e0af45&#8243; button_border_width=&#8221;0px&#8221; button_border_radius=&#8221;24px&#8221; button_text_shadow_style=&#8221;preset2&#8243; button_text_shadow_color=&#8221;#000000&#8243; box_shadow_style=&#8221;preset1&#8243; box_shadow_color=&#8221;#000000&#8243; global_colors_info=&#8221;{}&#8221;][\/et_pb_button][\/et_pb_column][\/et_pb_row][\/et_pb_section][et_pb_section fb_built=&#8221;1&#8243; admin_label=&#8221;Testimonials&#8221; _builder_version=&#8221;4.17.4&#8243; _module_preset=&#8221;default&#8221; background_color=&#8221;#FFFFFF&#8221; top_divider_style=&#8221;curve&#8221; top_divider_color=&#8221;#d6d6d6&#8243; global_colors_info=&#8221;{}&#8221; custom_padding=&#8221;32px|||||&#8221;][\/et_pb_section]<\/p>\n","protected":false},"excerpt":{"rendered":"<p>Warsztaty\u00a0 Nasze warsztaty rozwojowe w O\u015brodku Psychoterapii SELF\u00a0to spotkania stworzone z my\u015bl\u0105 o osobach, kt\u00f3re chc\u0105 lepiej pozna\u0107 siebie, wzmocni\u0107 swoje kompetencje mi\u0119kkie i zadba\u0107 o w\u0142asny dobrostan. Prowadzimy zaj\u0119cia rozwijaj\u0105ce umiej\u0119tno\u015bci takie jak asertywno\u015b\u0107, stawianie zdrowych granic, skuteczna komunikacja, praca z emocjami czy budowanie pewno\u015bci siebie. To warsztaty, kt\u00f3re \u0142\u0105cz\u0105 wiedz\u0119 psychologiczn\u0105, praktyczne \u0107wiczenia [&hellip;]<\/p>\n","protected":false},"author":1,"featured_media":0,"parent":0,"menu_order":0,"comment_status":"closed","ping_status":"closed","template":"","meta":{"_et_pb_use_builder":"on","_et_pb_old_content":"","_et_gb_content_width":"","footnotes":""},"class_list":["post-526","page","type-page","status-publish","hentry"],"yoast_head":"<!-- This site is optimized with the Yoast SEO plugin v19.7.1 - https:\/\/yoast.com\/wordpress\/plugins\/seo\/ -->\n<title>Warsztaty - Psychoterapia w Toruniu<\/title>\n<meta name=\"robots\" content=\"index, follow, max-snippet:-1, max-image-preview:large, max-video-preview:-1\" \/>\n<link rel=\"canonical\" href=\"https:\/\/psychoterapiawtoruniu.pl\/index.php\/warsztaty\/\" \/>\n<meta property=\"og:locale\" content=\"pl_PL\" \/>\n<meta property=\"og:type\" content=\"article\" \/>\n<meta property=\"og:title\" content=\"Warsztaty - Psychoterapia w Toruniu\" \/>\n<meta property=\"og:description\" content=\"Warsztaty\u00a0 Nasze warsztaty rozwojowe w O\u015brodku Psychoterapii SELF\u00a0to spotkania stworzone z my\u015bl\u0105 o osobach, kt\u00f3re chc\u0105 lepiej pozna\u0107 siebie, wzmocni\u0107 swoje kompetencje mi\u0119kkie i zadba\u0107 o w\u0142asny dobrostan. Prowadzimy zaj\u0119cia rozwijaj\u0105ce umiej\u0119tno\u015bci takie jak asertywno\u015b\u0107, stawianie zdrowych granic, skuteczna komunikacja, praca z emocjami czy budowanie pewno\u015bci siebie. To warsztaty, kt\u00f3re \u0142\u0105cz\u0105 wiedz\u0119 psychologiczn\u0105, praktyczne \u0107wiczenia [&hellip;]\" \/>\n<meta property=\"og:url\" content=\"https:\/\/psychoterapiawtoruniu.pl\/index.php\/warsztaty\/\" \/>\n<meta property=\"og:site_name\" content=\"Psychoterapia w Toruniu\" \/>\n<meta property=\"article:publisher\" content=\"https:\/\/www.facebook.com\/profile.php?id=100082748626420\" \/>\n<meta property=\"article:modified_time\" content=\"2025-12-04T10:47:13+00:00\" \/>\n<meta name=\"twitter:card\" content=\"summary_large_image\" \/>\n<meta name=\"twitter:label1\" content=\"Szacowany czas czytania\" \/>\n\t<meta name=\"twitter:data1\" content=\"6 minut\" \/>\n<script type=\"application\/ld+json\" class=\"yoast-schema-graph\">{\"@context\":\"https:\/\/schema.org\",\"@graph\":[{\"@type\":\"WebPage\",\"@id\":\"https:\/\/psychoterapiawtoruniu.pl\/index.php\/warsztaty\/\",\"url\":\"https:\/\/psychoterapiawtoruniu.pl\/index.php\/warsztaty\/\",\"name\":\"Warsztaty - Psychoterapia w Toruniu\",\"isPartOf\":{\"@id\":\"https:\/\/psychoterapiawtoruniu.pl\/#website\"},\"datePublished\":\"2023-04-03T18:01:51+00:00\",\"dateModified\":\"2025-12-04T10:47:13+00:00\",\"breadcrumb\":{\"@id\":\"https:\/\/psychoterapiawtoruniu.pl\/index.php\/warsztaty\/#breadcrumb\"},\"inLanguage\":\"pl-PL\",\"potentialAction\":[{\"@type\":\"ReadAction\",\"target\":[\"https:\/\/psychoterapiawtoruniu.pl\/index.php\/warsztaty\/\"]}]},{\"@type\":\"BreadcrumbList\",\"@id\":\"https:\/\/psychoterapiawtoruniu.pl\/index.php\/warsztaty\/#breadcrumb\",\"itemListElement\":[{\"@type\":\"ListItem\",\"position\":1,\"name\":\"Strona g\u0142\u00f3wna\",\"item\":\"https:\/\/psychoterapiawtoruniu.pl\/\"},{\"@type\":\"ListItem\",\"position\":2,\"name\":\"Warsztaty\"}]},{\"@type\":\"WebSite\",\"@id\":\"https:\/\/psychoterapiawtoruniu.pl\/#website\",\"url\":\"https:\/\/psychoterapiawtoruniu.pl\/\",\"name\":\"Psychoterapia w Toruniu\",\"description\":\"\",\"potentialAction\":[{\"@type\":\"SearchAction\",\"target\":{\"@type\":\"EntryPoint\",\"urlTemplate\":\"https:\/\/psychoterapiawtoruniu.pl\/?s={search_term_string}\"},\"query-input\":\"required name=search_term_string\"}],\"inLanguage\":\"pl-PL\"}]}<\/script>\n<!-- \/ Yoast SEO plugin. -->","yoast_head_json":{"title":"Warsztaty - Psychoterapia w Toruniu","robots":{"index":"index","follow":"follow","max-snippet":"max-snippet:-1","max-image-preview":"max-image-preview:large","max-video-preview":"max-video-preview:-1"},"canonical":"https:\/\/psychoterapiawtoruniu.pl\/index.php\/warsztaty\/","og_locale":"pl_PL","og_type":"article","og_title":"Warsztaty - Psychoterapia w Toruniu","og_description":"Warsztaty\u00a0 Nasze warsztaty rozwojowe w O\u015brodku Psychoterapii SELF\u00a0to spotkania stworzone z my\u015bl\u0105 o osobach, kt\u00f3re chc\u0105 lepiej pozna\u0107 siebie, wzmocni\u0107 swoje kompetencje mi\u0119kkie i zadba\u0107 o w\u0142asny dobrostan. Prowadzimy zaj\u0119cia rozwijaj\u0105ce umiej\u0119tno\u015bci takie jak asertywno\u015b\u0107, stawianie zdrowych granic, skuteczna komunikacja, praca z emocjami czy budowanie pewno\u015bci siebie. To warsztaty, kt\u00f3re \u0142\u0105cz\u0105 wiedz\u0119 psychologiczn\u0105, praktyczne \u0107wiczenia [&hellip;]","og_url":"https:\/\/psychoterapiawtoruniu.pl\/index.php\/warsztaty\/","og_site_name":"Psychoterapia w Toruniu","article_publisher":"https:\/\/www.facebook.com\/profile.php?id=100082748626420","article_modified_time":"2025-12-04T10:47:13+00:00","twitter_card":"summary_large_image","twitter_misc":{"Szacowany czas czytania":"6 minut"},"schema":{"@context":"https:\/\/schema.org","@graph":[{"@type":"WebPage","@id":"https:\/\/psychoterapiawtoruniu.pl\/index.php\/warsztaty\/","url":"https:\/\/psychoterapiawtoruniu.pl\/index.php\/warsztaty\/","name":"Warsztaty - Psychoterapia w Toruniu","isPartOf":{"@id":"https:\/\/psychoterapiawtoruniu.pl\/#website"},"datePublished":"2023-04-03T18:01:51+00:00","dateModified":"2025-12-04T10:47:13+00:00","breadcrumb":{"@id":"https:\/\/psychoterapiawtoruniu.pl\/index.php\/warsztaty\/#breadcrumb"},"inLanguage":"pl-PL","potentialAction":[{"@type":"ReadAction","target":["https:\/\/psychoterapiawtoruniu.pl\/index.php\/warsztaty\/"]}]},{"@type":"BreadcrumbList","@id":"https:\/\/psychoterapiawtoruniu.pl\/index.php\/warsztaty\/#breadcrumb","itemListElement":[{"@type":"ListItem","position":1,"name":"Strona g\u0142\u00f3wna","item":"https:\/\/psychoterapiawtoruniu.pl\/"},{"@type":"ListItem","position":2,"name":"Warsztaty"}]},{"@type":"WebSite","@id":"https:\/\/psychoterapiawtoruniu.pl\/#website","url":"https:\/\/psychoterapiawtoruniu.pl\/","name":"Psychoterapia w Toruniu","description":"","potentialAction":[{"@type":"SearchAction","target":{"@type":"EntryPoint","urlTemplate":"https:\/\/psychoterapiawtoruniu.pl\/?s={search_term_string}"},"query-input":"required name=search_term_string"}],"inLanguage":"pl-PL"}]}},"_links":{"self":[{"href":"https:\/\/psychoterapiawtoruniu.pl\/index.php\/wp-json\/wp\/v2\/pages\/526","targetHints":{"allow":["GET"]}}],"collection":[{"href":"https:\/\/psychoterapiawtoruniu.pl\/index.php\/wp-json\/wp\/v2\/pages"}],"about":[{"href":"https:\/\/psychoterapiawtoruniu.pl\/index.php\/wp-json\/wp\/v2\/types\/page"}],"author":[{"embeddable":true,"href":"https:\/\/psychoterapiawtoruniu.pl\/index.php\/wp-json\/wp\/v2\/users\/1"}],"replies":[{"embeddable":true,"href":"https:\/\/psychoterapiawtoruniu.pl\/index.php\/wp-json\/wp\/v2\/comments?post=526"}],"version-history":[{"count":14,"href":"https:\/\/psychoterapiawtoruniu.pl\/index.php\/wp-json\/wp\/v2\/pages\/526\/revisions"}],"predecessor-version":[{"id":938,"href":"https:\/\/psychoterapiawtoruniu.pl\/index.php\/wp-json\/wp\/v2\/pages\/526\/revisions\/938"}],"wp:attachment":[{"href":"https:\/\/psychoterapiawtoruniu.pl\/index.php\/wp-json\/wp\/v2\/media?parent=526"}],"curies":[{"name":"wp","href":"https:\/\/api.w.org\/{rel}","templated":true}]}}